ase 9?
-20563
What is -7ab (base 12) in base 15?
-50e
What is -2736 (base 14) in base 4?
-1223330
619 (base 11) to base 12
522
What is 1010110011011 (base 2) in base 9?
7525
What is 971 (base 11) in base 8?
2217
-29691 (base 11) to base 12
-20433
Convert -3642 (base 11) to base 8.
-11235
Convert -1455 (base 12) to base 8.
-4501
21307 (base 8) to base 7
34646
What is -100111100111001 (base 2) in base 6?
-233521
143343 (base 5) to base 2
1011111010010
1045a (base 15) to base 16
c99a
Convert 536 (base 8) to base 10.
350
What is -111010011100 (base 2) in base 6?
-25152
-10010210022 (base 3) to base 13
-22199
What is -10110010 (base 2) in base 10?
-178
Convert 202200 (base 3) to base 12.
3a6
a0f6 (base 16) to base 2
1010000011110110
81b (base 12) to base 7
3266
-297b (base 14) to base 16
-1cc1
Convert -70104 (base 8) to base 6.
-341020
What is 21000 (base 3) in base 7?
360
What is -281 (base 15) in base 13?
-34c
What is 39 (base 11) in base 3?
1120
Convert -438 (base 12) to base 16.
-26c
What is -62dd (base 14) in base 12?
-9a4b
122203 (base 4) to base 12
b97
What is -44240 (base 7) in base 3?
-120020012
-4bb (base 13) to base 11
-695
Convert -9778 (base 14) to base 6.
-321102
What is -32333 (base 5) in base 16?
-8aa
What is 397 (base 13) in base 9?
771
110011111111110 (base 2) to base 8
63776
What is 1b84b (base 13) in base 11?
37751
Convert 2505 (base 12) to base 5.
113211
What is -1022110202 (base 3) in base 15?
-79de
What is 1561 (base 7) in base 12?
447
Convert -8a (base 12) to base 6.
-254
12220220 (base 3) to base 9
5826
Convert 1010111111101 (base 2) to base 12.
3311
b567 (base 14) to base 4
13220113
Convert 1011101000 (base 2) to base 6.
3240
ba (base 15) to base 4
2233
1a16 (base 12) to base 3
11101000
What is 140041 (base 8) in base 3?
2111110200
Convert 13013020 (base 4) to base 14.
a888
What is 2fd8 (base 16) in base 15?
3968
What is -4b0 (base 13) in base 2?
-1100110011
1262 (base 11) to base 7
4533
What is -176 (base 16) in base 5?
-2444
-3130 (base 4) to base 13
-13c
-10100001011101 (base 2) to base 8
-24135
What is -1101001110111010 (base 2) in base 9?
-82314
Convert -338 (base 13) to base 8.
-1052
-2302 (base 11) to base 14
-1163
Convert -1b9d (base 14) to base 4.
-1032233
What is -564 (base 10) in base 9?
-686
49 (base 12) to base 5
212
3122 (base 9) to base 15
a28
What is 5771 (base 8) in base 14?
118d
Convert 185d (base 16) to base 8.
14135
Convert 102021 (base 6) to base 11.
61a4
What is -3ef (base 16) in base 11?
-836
-265 (base 12) to base 14
-1c1
-12010000 (base 3) to base 8
-7216
-122001021 (base 3) to base 9
-18037
-2724 (base 13) to base 6
-41543
-1011211122 (base 3) to base 6
-255242
-1021000 (base 3) to base 11
-765
What is -44d (base 14) in base 8?
-1525
Convert -189 (base 16) to base 4.
-12021
Convert 10001111000100 (base 2) to base 16.
23c4
What is -110010001 (base 2) in base 12?
-295
-2201 (base 9) to base 4
-121111
Convert 101110011 (base 2) to base 14.
1c7
734 (base 9) to base 10
598
What is 31061 (base 11) in base 2?
1011000100001001
Convert 293a (base 12) to base 10.
4798
Convert 1171 (base 10) to base 13.
6c1
What is 168 (base 12) in base 10?
224
What is 2109 (base 10) in base 9?
2803
-98 (base 11) to base 9
-128
Convert 110011001101 (base 2) to base 13.
1651
30d7 (base 16) to base 2
11000011010111
-26226 (base 9) to base 13
-8082
3132 (base 5) to base 13
261
Convert -1a2 (base 14) to base 10.
-338
What is 2022211220 (base 3) in base 7?
250401
Convert -31e7 (base 16) to base 3.
-122112011
What is 502 (base 10) in base 15?
237
Convert 101333 (base 4) to base 10.
1151
Convert -454 (base 10) to base 5.
-3304
What is 8b (base 16) in base 7?
256
5010 (base 8) to base 12
15a0
112013 (base 4) to base 9
1842
What is 1200 (base 8) in base 7?
1603
What is -506a (base 16) in base 6?
-235150
Convert -1010001101110000 (base 2) to base 10.
-41840
204 (base 14) to base 15
1b6
What is -4262 (base 13) in base 6?
-110342
What is 13015 (base 13) in base 2?
1000100101100010
Convert -2211422 (base 5) to base 14.
-dda2
What is -20022102 (base 3) in base 10?
-4601
Convert 102220 (base 4) to base 14.
612
Convert a2 (base 15) to base 3.
12122
What is -120010 (base 3) in base 15?
-1c3
Convert 51448 (base 9) to base 2.
1000010001101110
-3776 (base 8) to base 4
-133332
What is -22210201 (base 3) in base 16?
-1912
Convert 40ba (base 12) to base 9.
10607
What is -585 (base 15) in base 16?
-4e2
What is -9650 (base 10) in base 13?
-4514
What is -2b5 (base 12) in base 8?
-651
Convert -8a5 (base 15) to base 11.
-1518
Convert 125 (base 12) to base 6.
445
6d9 (base 16) to base 15
7bd
Convert -53167 (base 9) to base 8.
-104476
232 (base 12) to base 7
644
What is 1872 (base 9) in base 14?
750
What is -15626 (base 7) in base 11?
-3368
What is -264 (base 10) in base 4?
-10020
What is 10000 (base 4) in base 16?
100
Convert 4c98 (base 16) to base 8.
46230
What is -577 (base 11) in base 8?
-1261
What is -10114 (base 8) in base 16?
-104c
1a64 (base 15) to base 6
42251
Convert -171 (base 16) to base 14.
-1c5
What is -26304 (base 7) in base 6?
-52243
What is 173 (base 10) in base 8?
255
Convert -10a47 (base 13) to base 7.
-154240
Convert -13000 (base 8) to base 4.
-1120000
-2020 (base 7) to base 3
-221221
Convert -2791 (base 10) to base 7.
-11065
What is 1100 (base 3) in base 7?
51
Convert -123044 (base 5) to base 13.
-2233
Convert -29633 (base 10) to base 5.
-1422013
What is -312233 (base 4) in base 10?
-3503
What is 10211221 (base 3) in base 15?
c71
-2356 (base 8) to base 16
-4ee
Convert 11101011 (base 2) to base 4.
3223
Convert 40748 (base 9) to base 12.
1365b
-5249 (base 15) to base 16
-43f2
Convert -2125 (base 13) to base 8.
-10762
What is -3371 (base 8) in base 3?
-2110010
357 (base 10) to base 8
545
What is -1542 (base 7) in base 5?
-4433
What is -46 (base 7) in base 9?
-37
102330313 (base 4) to base 8
227467
What is 12021 (base 4) in base 9?
476
Convert 20146 (base 11) to base 16.
730d
1052 (base 16) to base 9
5652
-1021210 (base 3) to base 2
-1110101011
Convert 22001001 (base 3) to base 5.
141420
Convert -16e3 (base 16) to base 3.
-22001000
1 (base 4) to base 2
1
What is -252 (base 11) in base 4?
-10223
What is -3731 (base 16) in base 7?
-56123
2025 (base 6) to base 11
379
What is b8a (base 15) in base 7?
10411
Convert -3104 (base 8) to base 2.
-11001000100
a56 (base 11) to base 14
66b
What is -6641 (base 9) in base 8?
-11441
What is 583c (base 15) in base 16?
492c
Convert -1437 (base 10) to base 15.
-65c
Convert 14340 (base 5) to base 16.
4c4
1a5 (base 12) to base 13
179
-212632 (base 7) to base 14
-d6c2
What is -210102 (base 3) in base 6?
-2402
Convert 1a06 (base 11) to base 12.
1583
What is -174 (base 15) in base 13?
-1c9
What is -7103 (base 11) in base 14?
-3625
-14213 (base 5) to base 3
-1121211
Convert 120221 (base 3) to base 14.
22a
What is 24152 (base 7) in base 5?
200020
What is -216 (base 8) in base 6?
-354
-41001 (base 5) to base 12
-162a
What is 782 (base 13) in base 7?
3521
What is -61771 (base 10) in base 6?
-1153551
Convert -200 (base 11) to base 8.
-362
What is 1000001110 (base 2) in base 14?
298
What is -100102002 (base 3) in base 11?
-5177
Convert -3572 (base 11) to base 7.
-16431
Convert -1213102 (base 4) to base 12.
-39aa
What is 101010111000 (base 2) in base 12?
1708
112222001 (base 3) to base 11
8218
7113 (base 8) to base 16
e4b
Convert -11011110 (base 2) to base 10.
-222
What is -5fe (base 16) in base 5?
-22114
What is 443 (base 9) in base 13?
21c
Convert -68a4 (base 15) to base 16.
-56bc
Convert -3340 (base 14) to base 12.
-5178
What is 10133 (base 9) in base 11?
5016
Convert -292 (base 15) to base 4.
-21023
What is 1231242 (base 5) in base 11?
16aa0
What is -2546 (base 10) in base 3?
-10111022
Convert 40433 (base 6) to base 9.
7303
-6b48 (base 13) to base 10
-15101
7076 (base 10) to base 3
100201002
What is 20809 (base 10) in base 3?
1001112201
What is -11331 (base 4) in base 7?
-1053
-131001 (base 5) to base 14
-1c22
-1110001000111 (base 2) to base 15
-2229
-1021122100 (base 3) to base 15
-7739
-2064 (base 7) to base 14
-3a4
6c2 (base 13) to base 2
10010010100
Convert -373 (base 14) to base 11.
-577
-54c6 (base 15) to base 8
-43051
What is 80d (base 16) in base 6?
13313
What is 5603 (base 7) in base 4?
133130
412 (b